 = -1 - -1. Let i = d + 1. Is f(i) composite?
True
Let g(m) be the first derivative of m**3 - 2*m**2 - 3*m - 31. Let v(s) = 7*s + 1. Let k be v(-1). Is g(k) prime?
False
Let l(o) = -o - 8. Let c = -15 + 8. Let k be l(c). Is 110/(-1)*k/2 prime?
False
Suppose 0 = -12*d + 13 + 47. Is ((-1234)/d)/(2*5/(-50)) composite?
True
Suppose 347681 = -84*j + 103*j. Is j composite?
True
Let l be ((-80075)/(-75))/((-1)/(-3)). Suppose 3*x - 994 = l. Is x composite?
False
Let t(p) = -p**2 + 3*p + 1511. Is t(0) prime?
True
Let u(j) = -j + 4. Let z be u(6). Let b(l) = 35*l - 10. Let w(o) = -68*o + 18. Let y(p) = 5*b(p) + 3*w(p). Is y(z) a composite number?
True
Suppose 0 = s + 20 - 26. Let g(i) = 196*i + 5. Is g(s) prime?
True
Suppose 2*o - 4*o = 5*x - 21527, -4*o - 2*x = -43078. Is o prime?
True
Let y be -3*(15/9 - 3). Suppose b = -n + 4, 5*n + 1 = y*b + 3. Suppose -b*l = -4*h - 5*l + 807, h + l = 202. Is h a prime number?
False
Suppose 301 = 4*c - 2*v - 469, -2*c - 3*v + 397 = 0. Is c composite?
True
Suppose -t - 2*y + 8995 = 0, t + y = 3928 + 5069. Is t a prime number?
True
Let i = -65 - -58. Is (0 - 5)*(i + -156) composite?
True
Let u(a) = 24*a**2 - 16*a + 4. Let j be u(4). Suppose -5*m = -15, 5*m + 1779 + j = 3*q. Is q prime?
False
Suppose 913*q - 33042 = 907*q. Is q a prime number?
True
Let p = -7848 - -12589. Is p composite?
True
Suppose 2*n = -l + 4*l - 3446, 0 = 4*n + 16. Let d be l/10 - (-6)/15. Suppose -2*y + 91 = -d. Is y a prime number?
True
Let q(y) = 482*y + 928. Is q(17) a composite number?
True
Let f = -7042 + 14861. Is f a prime number?
False
Suppose 0*h + 2*h = -3*t + 43, -3*t + h + 37 = 0. Suppose g + 4 = t. Is 4/(-18) + 1073/g composite?
True
Let m(y) = 401*y + 112. Is m(15) a composite number?
True
Suppose 1611 = -5*w + l, 0 = 5*w - 2*l + 1601 + 11. Let m = 855 + w. Is m a prime number?
False
Let l(n) = 47*n + 5. Suppose -2*u + k - 1 = 0, -7 = 4*u - 4*k + 1. Suppose -5*g - u = -41. Is l(g) a prime number?
False
Suppose 8*d - 3753 = 4943. Is d a composite number?
False
Suppose -4*n + 48 = -3*v - 0, 0 = -2*n. Is 18/24 - (124332/v)/3 composite?
False
Suppose 2*t + 2*t + 13954 = -2*b, -4*t - 3*b = 13949. Let q = 5320 + t. Is q a prime number?
False
Suppose 2 = -z + 4. Let w(f) = 56*f**3 + f**2 - 4*f + 3. Is w(z) composite?
True
Let h(m) = -262*m - 23. Is h(-15) a prime number?
True
Let k(h) be the third derivative of -2*h**2 + h**3 + 0*h + 0 + 1/8*h**4 + 1/60*h**5. Is k(5) prime?
False
Let u be (-7)/(6/((-12)/(-2))). Let x(c) = 0*c**2 + 0*c**2 - 8*c + 6 - c**2. Is x(u) a prime number?
True
Let i = -51 + 5. Let c = 483 + i. Is c prime?
False
Let s = -2371 + 3513. Let h = -589 + s. Is h prime?
False
Let a(i) = -9 + 9*i**2 + i**3 + 4*i**2 - i**2. Let f be 1 - (-2 + 0 - -13). Is a(f) a composite number?
False
Suppose 100 = -2*d - 4*k - 0*k, -d - 40 = -3*k. Let p = -9 - d. Is p prime?
True
Let x = -7160 + 11740. Let v = 6463 - x. Is v a composite number?
True
Suppose 2*a = -4*y + 23802 + 820, 5*y + 61615 = 5*a. Is a a composite number?
True
Suppose -3*t = -a - 22 + 18, -4*t = 5*a - 37. Let v = 8 - 14. Is (v/6)/(t/(-159)) prime?
True
Let z(u) = -7601*u + 785. Is z(-12) composite?
False
Suppose -10*o - 7292 + 66132 = 0. Suppose -3 = 4*z + 13, -4*x + 2*z = -o. Is x composite?
True
Suppose 162432 = 4*j - 4*u, -2*u = 2*j - 0*u - 81212. Is j prime?
False
Let a = 6301 + -3154. Is a prime?
False
Suppose 413*t + 77913 = 422*t. Is t composite?
True
Let g(y) = -38*y + 40253. Is g(0) composite?
False
Let f(d) = -4*d**3 + 2*d**3 + d + 12*d - 3*d**2 + 8. Is f(-5) prime?
False
Let b = -1164 - -1279. Is b a composite number?
True
Suppose 4*w + 3*m = 136052, 3*m + 33998 = w - 0*w. Suppose 4*o = -o - 3*s + 34030, 0 = 5*o - s - w. Is o a composite number?
False
Let t(y) = -y**3 - 8*y**2 + 54*y + 27. Is t(-22) prime?
False
Suppose 2*r + f - 4 = 0, f = 2 + 2. Suppose -3*k = -2*t - 7503, -5*t + r = -15. Is k composite?
False
Let f(o) = -24*o + 5. Let u be f(-3). Suppose -h + u = l, -l + 242 + 66 = 4*h. Let i = 174 - h. Is i composite?
False
Suppose -180466 = -2*z - 24*z. Is z composite?
True
Let j(q) = 846*q + 515. Is j(12) prime?
True
Suppose -2*u + 2*w - 10 = -32, w + 20 = 2*u. Suppose 13*n - u*n - 24692 = 0. Is n prime?
True
Let g = -44 - -44. Suppose -5*h - u + 0*u + 1617 = 0, g = 4*h - 3*u - 1286. Is h a composite number?
True
Let o = 208 - -349. Is o a composite number?
False
Let l(f) be the third derivative of -f**5/10 - f**4/12 + 2*f**3/3 - 5*f**2. Let p(k) be the first derivative of l(k). Is p(-4) prime?
False
Suppose -43110 = -11*c + 48047. Is c a prime number?
True
Let o(f) = 815*f + 8. Let n be o(5). Suppose 0*r + 3*r - 4*j - n = 0, -r + j = -1361. Is r a composite number?
False
Let q be ((-112)/7)/(1/1). Is (-1108)/q - (-2)/(-8) composite?
True
Suppose -4*x = 4*d - 5*d - 7, 12 = 4*x. Let j(r) = 2*r - 6. Let w be j(4). Suppose 4*k - w*v - v = 226, 4*k - 230 = d*v. Is k a prime number?
False
Let k(n) = 183*n + 13. Let w be k(5). Let p = 2313 - w. Is p a composite number?
True
Suppose 1732 = -4*g - 0*g. Let s be 913 + -3*(-6)/(-9). Let h = g + s. Is h composite?
True
Let x = 17 + 0. Let g(w) = -6*w - 23. Let i(c) = 19*c + 70. Let h(q) = -7*g(q) - 2*i(q). Is h(x) a prime number?
True
Let a(y) = -2*y**3 + 26*y**2 + 24*y + 10. Let g(w) = -2*w**3 + 26*w**2 + 24*w + 11. Let m(u) = 2*a(u) - 3*g(u). Is m(21) a composite number?
True
Suppose 2043*b - 2035*b = 14248. Is b a prime number?
False
Suppose 0*w = -5*h - w + 60, -4*w + 42 = 2*h. Suppose 2*u + 3 - h = 0. Suppose -577 = -4*q - 3*d, u*q + d - 289 = 2*q. Is q a composite number?
True
Suppose -2*d + 148681 = 3*d - m, -4*d + 3*m + 118936 = 0. Is d a composite number?
True
Let b = -719 + 1302. Is b prime?
False
Let i = -252 - -517. Suppose -5*x - 3 = 4*y - 268, -5*x + i = -2*y. Is x a composite number?
False
Let h = -3510 + 2320. Let x = 1767 - h. Is x composite?
False
Suppose 0 = -4*a + 7 + 1. Is (-21816)/(-28) + a/(-14) a composite number?
True
Suppose -m + 5*i + 23 = 2*m, 3*m + 5*i + 17 = 0. Suppose 0 = 3*n - 11 - m. Is -1*(n + -1) - -56 a composite number?
False
Suppose -10 = y - 2*c, 3*y + 50 = -0*c + 2*c. Let t(d) = -d**2 - 15*d - 20. Let o be t(-6). Let h = o + y. Is h a composite number?
True
Let c(w) = 159*w**3. Let s(p) = p**3 - 11*p**2 + 9*p + 11. Let a(v) = v**3 + 5*v**2 - 2*v. Let d be a(-5). Let f be s(d). Is c(f) a prime number?
False
Suppose 4*b - 4*y + 16 = 0, -10 = b + 7*y - 6*y. Is 2/(b/(38157/(-6))) composite?
True
Suppose -5*q - 348 = 282. Let y = q - -199. Suppose 2*g - y = -3*u, -81 = 4*g + 5*u - 226. Is g composite?
True
Let h be 455*(-3)/(-2) - (-2)/4. Let s = h - 244. Is s a composite number?
False
Let y(s) = -3*s**2 + 8*s - 11. Let j(u) = -5*u**2 + 15*u - 21. Let l(c) = 6*j(c) - 11*y(c). Let i be 3/(-15) - (-145)/(-25). Is l(i) a prime number?
False
Is (1 - 0)/((-20)/(-577460)) composite?
True
Suppose 8 = f + 91. Let r be (f - 1)/(12/(-30)). Suppose 2*w = 172 + r. Is w a composite number?
False
Suppose -4*o - 97 + 101 = 0. Is 4620 - (0 + o/(-1) - 0) composite?
False
Let j be 12/(-4) + (-9)/(-1). Let q be ((-519)/j)/((-1)/2). Suppose s - 64 - q = 0. Is s a prime number?
False
Suppose 37663 = h + d + 6202, 5*d - 62922 = -2*h. Is h a prime number?
False
Suppose -t = -f + 3 + 5, -14 = -3*f + t. Let o(n) = -58*n**2 + 9*n + 13. Let b(c) = -29*c**2 + 4*c + 6. Let r(g) = -9*b(g) + 4*o(g). Is r(f) a prime number?
False
Let t = -12 - -14. Let f = t + -8. Is 716/f*15/(-10) composite?
False
Let g = -44 + 42. Is (18/g - -2)*53/(-1) prime?
False
Let d = -6 + 9. Let u = 53 + -49. Suppose 1708 = 5*y - d*q, 891 + 470 = u*y + 3*q. Is y a prime number?
False
Let t(d) = 4 + d**3 - 5*d**2 + 8*d - 6 + 11. Let i be t(8). Suppose 0 = 3*r - 4*w - i, 3*r - 5*w + 136 = 405. Is r composite?
False
Let v(w) = 8*w**2 + 39*w - 7. Let i(u) = 12*u**2 + 58*u - 11. Let m(s) = -5*i(s) + 8*v(s). Is m(-10) a prime number?
True
Let k = 2154 - 1347. Suppose z - 703 = -h, h - 3*z - k + 100 = 0. Suppose -2*q + h - 10 = 0. Is q composite?
False
Let q(x) = x**3 + 26*x**2 - 33*x + 21. Is q(-16) prime?
True
Suppose 4*s - 51576 = -4*k, 3*s + 2*k - 40423 + 1746 = 0. Is s a composite number?
False
Is (41 - 37) + (3 - 2)*3757 a composite number?
False
Let v(i) = -3*i**3 + i. Let b(g) = -2*g**3 - 1. Let r(n) = -4*b(n) + 3*v(n). Is r(-7) 